{"id":8,"date":"2022-03-15T09:27:05","date_gmt":"2022-03-15T08:27:05","guid":{"rendered":"http:\/\/www.hovawart-vom-wackerbarth.de\/hovawart\/?page_id=8"},"modified":"2025-11-07T10:48:32","modified_gmt":"2025-11-07T09:48:32","slug":"wilkommen","status":"publish","type":"page","link":"https:\/\/www.hovawart-vom-wackerbarth.de\/hovawart\/","title":{"rendered":"Willkommen"},"content":{"rendered":"<blockquote>\n<h1 style=\"text-align: center;\"><span style=\"color: #ff6600;\"><span class=\"contentpane\">Ein Hund ist ein Herz auf <\/span><span class=\"contentpane\">vier Pfote<\/span><span class=\"contentpane\">n.<\/span><\/span><\/h1>\n<p style=\"text-align: center;\">(Irisches Sprichwort)<\/p>\n<p style=\"text-align: center;\"><img loading=\"lazy\" decoding=\"async\" class=\"alignnone size-full wp-image-486\" style=\"color: #333333; font-size: 1.125rem;\" src=\"http:\/\/www.hovawart-vom-wackerbarth.de\/hovawart\/wp-content\/uploads\/2022\/03\/kleeblatt_0030.gif\" alt=\"\" width=\"56\" height=\"60\" \/><img loading=\"lazy\" decoding=\"async\" class=\"alignnone size-full wp-image-486\" style=\"color: #333333; font-size: 1.125rem;\" src=\"http:\/\/www.hovawart-vom-wackerbarth.de\/hovawart\/wp-content\/uploads\/2022\/03\/kleeblatt_0030.gif\" alt=\"\" width=\"56\" height=\"60\" \/><img loading=\"lazy\" decoding=\"async\" class=\"alignnone size-full wp-image-486\" style=\"color: #333333; font-size: 1.125rem;\" src=\"http:\/\/www.hovawart-vom-wackerbarth.de\/hovawart\/wp-content\/uploads\/2022\/03\/kleeblatt_0030.gif\" alt=\"\" width=\"56\" height=\"60\" \/><\/p>\n<\/blockquote>\n<h3 style=\"text-align: center;\">Wir begr\u00fc\u00dfen Sie auf unserer Seite und hoffen, Ihnen einen kleinen Einblick in unser Leben mit und rund um den Hovawart vermitteln zu k\u00f6nnen.<\/h3>\n<table class=\" aligncenter\" style=\"height: 727px;\" border=\"0\" width=\"613\" cellspacing=\"2\" cellpadding=\"1\">\n<colgroup class=\"fs1\">\n<col width=\"524\" \/><\/colgroup>\n<tbody>\n<tr align=\"left\" valign=\"top\">\n<td>Hovawart &#8211; eine aus Deutschland stammende und seit dem fr\u00fchen Mittelalter als Haus- und Hofw\u00e4chter bekannte Hunderasse, welche erst 1937 als Rassehund anerkannt wurde.<\/p>\n<p>Er ist ein mittelgro\u00dfer, langhaariger Gebrauchshund und trotz seines kr\u00e4ftigen, substanzvollen K\u00f6rperbaus ein guter L\u00e4ufer. Der Hovawart ist ein unerm\u00fcdlicher Begleiter beim Joggen, l\u00e4uft gern am Fahrrad oder auch am Pferd mit und ist als Wanderbegleiter ideal. Im Haus ist er eine sehr angenehme in sich ruhende Pers\u00f6nlichkeit, die nicht gleich bei jeden Anlass die Alarmglocken schellen l\u00e4sst, was seine hohe Reizschwelle demonstriert. Im hundesportlichen Bereich ist er in den Sparten Vielseitigkeit, F\u00e4hrte, Turnierhundesport, Agility zu finden und macht zunehmend im Rettungshundewesen und im Obedience von sich reden. Er ist temperamentvoll, gleichzeitig gutf\u00fchrig, ausgeglichen und vom Grundsatz her gutm\u00fctig. Als Familienhund braucht er unbedingt Anschluss an dieselbe und eine einf\u00fchlsame, aber konsequente Erziehung. Kann man dies gew\u00e4hrleisten, hat man in ihm einen treuen und zuverl\u00e4ssigen Begleiter &#8211; <span style=\"color: #ff6600;\"><strong>den Hovawart &#8211; den Fr<\/strong><\/span><strong style=\"color: #ff6600; font-size: 1.125rem; font-family: inherit;\">eund f\u00fcrs Leben!<\/strong><\/p>\n<p style=\"text-align: center;\"><strong><span style=\"color: #ff6600;\">Kein einziges Tier der ganzen Erde ist der vollsten und ungeteiltesten Achtung,<\/span><\/strong><br \/>\n<strong><span style=\"color: #ff6600;\">der Freundschaft und Liebe des Menschen<\/span><\/strong><br \/>\n<strong><span style=\"color: #ff6600;\">w\u00fcrdiger als der Hund.<\/span><\/strong><br \/>\nAlfred Brehm (1829-1884)<\/p>\n<\/td>\n<td><img loading=\"lazy\" decoding=\"async\" class=\"rita-lightbox\" src=\"http:\/\/www.hovawart-vom-wackerbarth.de\/images\/alaska_von_wackerbarth.png\" alt=\"Alaska von Wackerbarth\" width=\"301\" height=\"233\" \/><\/p>\n<p><img loading=\"lazy\" decoding=\"async\" class=\"rita-lightbox\" src=\"http:\/\/www.hovawart-vom-wackerbarth.de\/images\/3d5c3375-1e19-4414-bc11-16bdd66f2005.png\" alt=\"\" width=\"301\" height=\"202\" \/><\/td>\n<\/tr>\n<\/tbody>\n<\/table>\n<p>&nbsp;<\/p>\n","protected":false},"excerpt":{"rendered":"<p>Ein Hund ist ein Herz auf vier Pfoten. (Irisches Sprichwort) Wir begr\u00fc\u00dfen Sie auf unserer Seite und hoffen, Ihnen einen kleinen Einblick in unser Leben mit und rund um den Hovawart vermitteln zu k\u00f6nnen. Hovawart &#8211; eine aus Deutschland stammende und seit dem fr\u00fchen Mittelalter als Haus- und Hofw\u00e4chter bekannte Hunderasse, welche erst 1937 als &hellip; <a href=\"https:\/\/www.hovawart-vom-wackerbarth.de\/hovawart\/\" class=\"more-link\"><span class=\"screen-reader-text\">\u201eWillkommen\u201c<\/span> weiterlesen<\/a><\/p>\n","protected":false},"author":2,"featured_media":0,"parent":0,"menu_order":0,"comment_status":"closed","ping_status":"closed","template":"","meta":{"footnotes":""},"class_list":["post-8","page","type-page","status-publish","hentry"],"_links":{"self":[{"href":"https:\/\/www.hovawart-vom-wackerbarth.de\/hovawart\/index.php\/wp-json\/wp\/v2\/pages\/8","targetHints":{"allow":["GET"]}}],"collection":[{"href":"https:\/\/www.hovawart-vom-wackerbarth.de\/hovawart\/index.php\/wp-json\/wp\/v2\/pages"}],"about":[{"href":"https:\/\/www.hovawart-vom-wackerbarth.de\/hovawart\/index.php\/wp-json\/wp\/v2\/types\/page"}],"author":[{"embeddable":true,"href":"https:\/\/www.hovawart-vom-wackerbarth.de\/hovawart\/index.php\/wp-json\/wp\/v2\/users\/2"}],"replies":[{"embeddable":true,"href":"https:\/\/www.hovawart-vom-wackerbarth.de\/hovawart\/index.php\/wp-json\/wp\/v2\/comments?post=8"}],"version-history":[{"count":87,"href":"https:\/\/www.hovawart-vom-wackerbarth.de\/hovawart\/index.php\/wp-json\/wp\/v2\/pages\/8\/revisions"}],"predecessor-version":[{"id":1453,"href":"https:\/\/www.hovawart-vom-wackerbarth.de\/hovawart\/index.php\/wp-json\/wp\/v2\/pages\/8\/revisions\/1453"}],"wp:attachment":[{"href":"https:\/\/www.hovawart-vom-wackerbarth.de\/hovawart\/index.php\/wp-json\/wp\/v2\/media?parent=8"}],"curies":[{"name":"wp","href":"https:\/\/api.w.org\/{rel}","templated":true}]}}