{"id":638,"date":"2023-03-12T08:50:03","date_gmt":"2023-03-12T07:50:03","guid":{"rendered":"http:\/\/www.hovawart-vom-wackerbarth.de\/hovawart\/?page_id=638"},"modified":"2025-02-17T19:43:41","modified_gmt":"2025-02-17T18:43:41","slug":"deckrueden","status":"publish","type":"page","link":"https:\/\/www.hovawart-vom-wackerbarth.de\/hovawart\/index.php\/deckrueden\/","title":{"rendered":"Deckr\u00fcden"},"content":{"rendered":"<h4 style=\"text-align: center;\"><strong>Deckr\u00fcden aus unserer Zucht<\/strong><\/h4>\n<p style=\"text-align: center;\"><span style=\"color: #00ff00;\">Erick von Wackerbarth<\/span><\/p>\n<p style=\"text-align: center;\"><span style=\"color: #00ff00;\">geboren: 18. M\u00e4rz 2013<\/span><\/p>\n<p style=\"text-align: center;\"><img loading=\"lazy\" decoding=\"async\" class=\"alignnone wp-image-644\" src=\"http:\/\/www.hovawart-vom-wackerbarth.de\/hovawart\/wp-content\/uploads\/2022\/12\/Erick-Wackerbarth-300x224.jpg\" alt=\"\" width=\"380\" height=\"284\" srcset=\"https:\/\/www.hovawart-vom-wackerbarth.de\/hovawart\/wp-content\/uploads\/2022\/12\/Erick-Wackerbarth-300x224.jpg 300w, https:\/\/www.hovawart-vom-wackerbarth.de\/hovawart\/wp-content\/uploads\/2022\/12\/Erick-Wackerbarth-768x572.jpg 768w, https:\/\/www.hovawart-vom-wackerbarth.de\/hovawart\/wp-content\/uploads\/2022\/12\/Erick-Wackerbarth-1024x763.jpg 1024w, https:\/\/www.hovawart-vom-wackerbarth.de\/hovawart\/wp-content\/uploads\/2022\/12\/Erick-Wackerbarth.jpg 1911w\" sizes=\"auto, (max-width: 380px) 85vw, 380px\" \/><\/p>\n<p style=\"text-align: center;\"><span style=\"color: #00ff00;\">VDH-HO 36377-13<\/span><\/p>\n<p style=\"text-align: center;\"><span style=\"color: #00ff00;\">Gesundheit: HD-A1, Augenuntersuchung o.B.<\/span><\/p>\n<p style=\"text-align: center;\"><span style=\"color: #00ff00;\">Ausstellungsergebniss: sg4<\/span><\/p>\n<p style=\"text-align: center;\"><span style=\"color: #00ff00;\">Leistungspr\u00fcfungen: BH,FPr 1 &#8211; 3, FH1, FH 2<\/span><\/p>\n<p style=\"text-align: center;\">leider keine Nachkommen<\/p>\n<p style=\"text-align: center;\"><span style=\"color: #00ff00;\">==================================================<\/span><\/p>\n<p style=\"text-align: center;\"><span style=\"color: #00ff00;\">Earl-Jasper von Wackerbarth<\/span><\/p>\n<p style=\"text-align: center;\"><span style=\"color: #00ff00;\">18.03.2013 &#8211; 09.01.2025<\/span><\/p>\n<p style=\"text-align: center;\"><img loading=\"lazy\" decoding=\"async\" class=\"alignnone wp-image-640\" src=\"http:\/\/www.hovawart-vom-wackerbarth.de\/hovawart\/wp-content\/uploads\/2022\/12\/earl_jasper-300x213.jpg\" alt=\"\" width=\"380\" height=\"270\" srcset=\"https:\/\/www.hovawart-vom-wackerbarth.de\/hovawart\/wp-content\/uploads\/2022\/12\/earl_jasper-300x213.jpg 300w, https:\/\/www.hovawart-vom-wackerbarth.de\/hovawart\/wp-content\/uploads\/2022\/12\/earl_jasper.jpg 640w\" sizes=\"auto, (max-width: 380px) 85vw, 380px\" \/><\/p>\n<p style=\"text-align: center;\"><span style=\"color: #00ff00;\">VDH-HO 36376-13<\/span><\/p>\n<p style=\"text-align: center;\"><span style=\"color: #00ff00;\">Gesundheit: HD-A1, Augenuntersuchung o.B.<\/span><\/p>\n<p style=\"text-align: center;\"><span style=\"color: #00ff00;\">Ausstellungserfolge:\u00a0VDH-Europajugendsieger 2014 \/ Clubjugendsieger 2014 \/ Deutscher Jugend-Champion RZV \/ Lux. Champion \/ Dt. Champion(RZV) \/ Dt. Champion (VDH) \/ Internationaler Champion<\/span><\/p>\n<p style=\"text-align: center;\"><span style=\"color: #00ff00;\">Leistungspr\u00fcfungen: BH, IPO1, IPO2, IPO3, FPr 2, FPr 3, UPr2, FH 1, FH 2, IPO-FH, RH 1<\/span><\/p>\n<p style=\"text-align: center;\">Seine Nachkommen<\/p>\n<p style=\"text-align: center;\">6 W\u00fcrfe mit insgesamt 43 Welpen (4 W\u00fcrfe in Deutschland, 2 W\u00fcrfe im Ausland)<\/p>\n<p style=\"text-align: center;\">=====================================================<\/p>\n<p style=\"text-align: center;\"><span style=\"color: #00ff00;\">Csandro von Wackerbarth<\/span><\/p>\n<p style=\"text-align: center;\"><span style=\"color: #00ff00;\">23.06.2005 &#8211; 17.02.2018<\/span><\/p>\n<p style=\"text-align: center;\"><img loading=\"lazy\" decoding=\"async\" class=\"alignnone wp-image-647\" src=\"http:\/\/www.hovawart-vom-wackerbarth.de\/hovawart\/wp-content\/uploads\/2022\/12\/csandro-200x300.jpg\" alt=\"\" width=\"254\" height=\"382\" srcset=\"https:\/\/www.hovawart-vom-wackerbarth.de\/hovawart\/wp-content\/uploads\/2022\/12\/csandro-200x300.jpg 200w, https:\/\/www.hovawart-vom-wackerbarth.de\/hovawart\/wp-content\/uploads\/2022\/12\/csandro.jpg 426w\" sizes=\"auto, (max-width: 254px) 85vw, 254px\" \/><\/p>\n<p style=\"text-align: center;\"><span style=\"color: #00ff00;\">VDH-HO 30566-05<\/span><\/p>\n<p style=\"text-align: center;\"><span style=\"color: #00ff00;\">\u00a0Ausstellungserfolge: Int. \/ Schw. \/ Lux. \/ Dt. RZV- \/ Dt. VDH-Champion<\/span><\/p>\n<p style=\"text-align: center;\"><span style=\"color: #00ff00;\">Pr\u00fcfungen: BH, FPr1, UPr3, IPO3, VPG3, FH1, FH2<\/span><\/p>\n<p style=\"text-align: center;\">Seine Nachkommen:<\/p>\n<p style=\"text-align: center;\">7 W\u00fcrfe mit insgesamt 55 Welpen (5 W\u00fcrfe in Deutschland, 2 W\u00fcrfe im Ausland)<\/p>\n<p style=\"text-align: center;\">=========================================================<\/p>\n<p style=\"text-align: center;\"><span style=\"color: #00ff00;\">Borstel von Wackerbarth<\/span><\/p>\n<p style=\"text-align: center;\"><span style=\"color: #00ff00;\">19.01.2003 &#8211; 20.09.2016<\/span><\/p>\n<p style=\"text-align: center;\"><img loading=\"lazy\" decoding=\"async\" class=\"alignnone size-medium wp-image-665\" src=\"http:\/\/www.hovawart-vom-wackerbarth.de\/hovawart\/wp-content\/uploads\/2022\/12\/Borstel-Wackerbarth-Kopie-1-300x225.jpg\" alt=\"\" width=\"300\" height=\"225\" srcset=\"https:\/\/www.hovawart-vom-wackerbarth.de\/hovawart\/wp-content\/uploads\/2022\/12\/Borstel-Wackerbarth-Kopie-1-300x225.jpg 300w, https:\/\/www.hovawart-vom-wackerbarth.de\/hovawart\/wp-content\/uploads\/2022\/12\/Borstel-Wackerbarth-Kopie-1-768x576.jpg 768w, https:\/\/www.hovawart-vom-wackerbarth.de\/hovawart\/wp-content\/uploads\/2022\/12\/Borstel-Wackerbarth-Kopie-1-1024x768.jpg 1024w, https:\/\/www.hovawart-vom-wackerbarth.de\/hovawart\/wp-content\/uploads\/2022\/12\/Borstel-Wackerbarth-Kopie-1.jpg 1672w\" sizes=\"auto, (max-width: 300px) 85vw, 300px\" \/><\/p>\n<p style=\"text-align: center;\"><span style=\"color: #00ff00;\">VDH-HO 28501-03<\/span><\/p>\n<p style=\"text-align: center;\"><span style=\"color: #00ff00;\">Ausstellung: v1 \/\u00a0Pr\u00fcfungen: BH<\/span><\/p>\n<p style=\"text-align: center;\">Seine Nachkommen:<\/p>\n<p style=\"text-align: center;\">1 Wurf in Deutschland mit 8 Welpen<\/p>\n<p style=\"text-align: center;\">=========================================================<\/p>\n<p style=\"text-align: center;\"><span style=\"color: #00ff00;\">Barlex von Wackerbarth<\/span><\/p>\n<p style=\"text-align: center;\"><span style=\"color: #00ff00;\">19.01.2003 &#8211; 22.01.2016<\/span><\/p>\n<p style=\"text-align: center;\"><img loading=\"lazy\" decoding=\"async\" class=\"alignnone wp-image-650\" src=\"http:\/\/www.hovawart-vom-wackerbarth.de\/hovawart\/wp-content\/uploads\/2022\/12\/barlex-300x225.jpg\" alt=\"\" width=\"371\" height=\"278\" srcset=\"https:\/\/www.hovawart-vom-wackerbarth.de\/hovawart\/wp-content\/uploads\/2022\/12\/barlex-300x225.jpg 300w, https:\/\/www.hovawart-vom-wackerbarth.de\/hovawart\/wp-content\/uploads\/2022\/12\/barlex.jpg 640w\" sizes=\"auto, (max-width: 371px) 85vw, 371px\" \/><\/p>\n<p style=\"text-align: center;\"><span style=\"color: #00ff00;\">VDH-HO 28501-03 , \u00a0HZD 05\/4139<\/span><\/p>\n<p style=\"text-align: center;\"><span style=\"color: #00ff00;\">Ausstellung: vorz\u00fcglich2 \/ Pr\u00fcfungen: BH, AD<\/span><\/p>\n<p style=\"text-align: center;\">Seine Nachkommen:<\/p>\n<p style=\"text-align: center;\">2 W\u00fcrfe in Deutschland (insgesamt 16 Welpen)<\/p>\n<p style=\"text-align: center;\">===========================================================<\/p>\n<p style=\"text-align: center;\"><span style=\"color: #00ff00;\">Barnabass von Wackerbarth<\/span><\/p>\n<p style=\"text-align: center;\"><span style=\"color: #00ff00;\">19.01.2003 &#8211; 04.07.2013<\/span><\/p>\n<p style=\"text-align: center;\"><img loading=\"lazy\" decoding=\"async\" class=\"alignnone size-medium wp-image-664\" src=\"http:\/\/www.hovawart-vom-wackerbarth.de\/hovawart\/wp-content\/uploads\/2022\/12\/Barnabass-von-Wackerbarth-1-1-300x204.jpg\" alt=\"\" width=\"300\" height=\"204\" srcset=\"https:\/\/www.hovawart-vom-wackerbarth.de\/hovawart\/wp-content\/uploads\/2022\/12\/Barnabass-von-Wackerbarth-1-1-300x204.jpg 300w, https:\/\/www.hovawart-vom-wackerbarth.de\/hovawart\/wp-content\/uploads\/2022\/12\/Barnabass-von-Wackerbarth-1-1.jpg 420w\" sizes=\"auto, (max-width: 300px) 85vw, 300px\" \/><\/p>\n<p style=\"text-align: center;\"><span style=\"color: #00ff00;\">VDH-HO 28502-03<\/span><\/p>\n<p style=\"text-align: center;\"><span style=\"color: #00ff00;\">Ausstellung: vorz\u00fcglich \/ Pr\u00fcfungen: BH<\/span><\/p>\n<p style=\"text-align: center;\">Seine Nachkommen:<\/p>\n<p style=\"text-align: center;\">4 W\u00fcrfe, davon 3 x in Deutschland, 1 x im Ausland (CSR)<\/p>\n<p style=\"text-align: center;\">===========================================================<\/p>\n<p style=\"text-align: center;\"><span style=\"color: #00ff00;\">Atze von Wackerbarth<\/span><\/p>\n<p style=\"text-align: center;\"><span style=\"color: #00ff00;\">23.11.1999 &#8211; 19.03.2011<\/span><\/p>\n<p style=\"text-align: center;\"><img loading=\"lazy\" decoding=\"async\" class=\"alignnone wp-image-643\" src=\"http:\/\/www.hovawart-vom-wackerbarth.de\/hovawart\/wp-content\/uploads\/2022\/12\/Atze-219x300.jpg\" alt=\"\" width=\"280\" height=\"384\" srcset=\"https:\/\/www.hovawart-vom-wackerbarth.de\/hovawart\/wp-content\/uploads\/2022\/12\/Atze-219x300.jpg 219w, https:\/\/www.hovawart-vom-wackerbarth.de\/hovawart\/wp-content\/uploads\/2022\/12\/Atze.jpg 467w\" sizes=\"auto, (max-width: 280px) 85vw, 280px\" \/><\/p>\n<p style=\"text-align: center;\"><span style=\"color: #00ff00;\">VDH-HO 26058-99<\/span><\/p>\n<p style=\"text-align: center;\"><span style=\"color: #00ff00;\">Ausstellung: vorz\u00fcglich 1, Int.\/Dt.RZV-Champion<\/span><\/p>\n<p style=\"text-align: center;\"><span style=\"color: #00ff00;\">Pr\u00fcfungen: BH, AD, IPO2, FH1, FH2<\/span><\/p>\n<p style=\"text-align: center;\">Seine Nachkommen:<\/p>\n<p style=\"text-align: center;\">11 W\u00fcrfe mit insgesamt 91 Nachkommen, davon 5 W\u00fcrfe in Deutschland, 6 W\u00fcrfe im Ausland (2 x CSR, \u00d6sterreich, Belgien, Norwegen, Polen)<\/p>\n<p style=\"text-align: center;\">===========================================================<\/p>\n<p style=\"text-align: center;\"><span style=\"color: #00ff00;\">Arthur von Wackerbarth<\/span><\/p>\n<p style=\"text-align: center;\"><span style=\"color: #00ff00;\">23.11.1999 &#8211; 17.06.2011<\/span><\/p>\n<p style=\"text-align: center;\"><img loading=\"lazy\" decoding=\"async\" class=\"alignnone wp-image-654\" src=\"http:\/\/www.hovawart-vom-wackerbarth.de\/hovawart\/wp-content\/uploads\/2022\/12\/Arthur-Duke-202x300.jpg\" alt=\"\" width=\"264\" height=\"392\" srcset=\"https:\/\/www.hovawart-vom-wackerbarth.de\/hovawart\/wp-content\/uploads\/2022\/12\/Arthur-Duke-202x300.jpg 202w, https:\/\/www.hovawart-vom-wackerbarth.de\/hovawart\/wp-content\/uploads\/2022\/12\/Arthur-Duke.jpg 430w\" sizes=\"auto, (max-width: 264px) 85vw, 264px\" \/><\/p>\n<p style=\"text-align: center;\"><span style=\"color: #00ff00;\">VDH-HO 26057 &#8211; 99<\/span><\/p>\n<p style=\"text-align: center;\"><span style=\"color: #00ff00;\">Ausstellung: Int.\/Dt.\/Nl.\/Dt. VDH-\/Dt. Jugend(RZV)-Champion,<\/span><\/p>\n<p style=\"text-align: center;\"><span style=\"color: #00ff00;\">Bundessieger 2001<\/span><\/p>\n<p style=\"text-align: center;\"><span style=\"color: #00ff00;\">Pr\u00fcfungen: BH, AD, WH, VPG3, FH1, FH2<\/span><\/p>\n<p style=\"text-align: center;\">Seine Nachkommen:<\/p>\n<p style=\"text-align: center;\">1 Wurf in Deutschland mit 8 Welpen<\/p>\n<p style=\"text-align: center;\">========================================================<\/p>\n<p style=\"text-align: center;\"><span style=\"color: #00ff00;\">Amboss von Wackerbarth<\/span><\/p>\n<p style=\"text-align: center;\"><span style=\"color: #00ff00;\">23.11.1999 &#8211; 01.12.2009<\/span><\/p>\n<p style=\"text-align: center;\"><img loading=\"lazy\" decoding=\"async\" class=\"alignnone wp-image-653\" src=\"http:\/\/www.hovawart-vom-wackerbarth.de\/hovawart\/wp-content\/uploads\/2022\/12\/amboss_wackerbarth-300x215.jpg\" alt=\"\" width=\"380\" height=\"272\" srcset=\"https:\/\/www.hovawart-vom-wackerbarth.de\/hovawart\/wp-content\/uploads\/2022\/12\/amboss_wackerbarth-300x215.jpg 300w, https:\/\/www.hovawart-vom-wackerbarth.de\/hovawart\/wp-content\/uploads\/2022\/12\/amboss_wackerbarth.jpg 448w\" sizes=\"auto, (max-width: 380px) 85vw, 380px\" \/><\/p>\n<p style=\"text-align: center;\"><span style=\"color: #00ff00;\">VDH-HO 26056-99<\/span><\/p>\n<p style=\"text-align: center;\"><span style=\"color: #00ff00;\">Ausstellung: vorz\u00fcglich<\/span><\/p>\n<p style=\"text-align: center;\"><span style=\"color: #00ff00;\">Pr\u00fcfungen: BH, AD, VPG1, FH1, FH2<\/span><\/p>\n<p style=\"text-align: center;\">leider keine Nachkommen<\/p>\n<p>&nbsp;<\/p>\n","protected":false},"excerpt":{"rendered":"<p>Deckr\u00fcden aus unserer Zucht Erick von Wackerbarth geboren: 18. M\u00e4rz 2013 VDH-HO 36377-13 Gesundheit: HD-A1, Augenuntersuchung o.B. Ausstellungsergebniss: sg4 Leistungspr\u00fcfungen: BH,FPr 1 &#8211; 3, FH1, FH 2 leider keine Nachkommen ================================================== Earl-Jasper von Wackerbarth 18.03.2013 &#8211; 09.01.2025 VDH-HO 36376-13 Gesundheit: HD-A1, Augenuntersuchung o.B. Ausstellungserfolge:\u00a0VDH-Europajugendsieger 2014 \/ Clubjugendsieger 2014 \/ Deutscher Jugend-Champion RZV \/ Lux. Champion &hellip; <a href=\"https:\/\/www.hovawart-vom-wackerbarth.de\/hovawart\/index.php\/deckrueden\/\" class=\"more-link\"><span class=\"screen-reader-text\">\u201eDeckr\u00fcden\u201c<\/span> weiterlesen<\/a><\/p>\n","protected":false},"author":2,"featured_media":0,"parent":0,"menu_order":0,"comment_status":"closed","ping_status":"closed","template":"","meta":{"footnotes":""},"class_list":["post-638","page","type-page","status-publish","hentry"],"_links":{"self":[{"href":"https:\/\/www.hovawart-vom-wackerbarth.de\/hovawart\/index.php\/wp-json\/wp\/v2\/pages\/638","targetHints":{"allow":["GET"]}}],"collection":[{"href":"https:\/\/www.hovawart-vom-wackerbarth.de\/hovawart\/index.php\/wp-json\/wp\/v2\/pages"}],"about":[{"href":"https:\/\/www.hovawart-vom-wackerbarth.de\/hovawart\/index.php\/wp-json\/wp\/v2\/types\/page"}],"author":[{"embeddable":true,"href":"https:\/\/www.hovawart-vom-wackerbarth.de\/hovawart\/index.php\/wp-json\/wp\/v2\/users\/2"}],"replies":[{"embeddable":true,"href":"https:\/\/www.hovawart-vom-wackerbarth.de\/hovawart\/index.php\/wp-json\/wp\/v2\/comments?post=638"}],"version-history":[{"count":33,"href":"https:\/\/www.hovawart-vom-wackerbarth.de\/hovawart\/index.php\/wp-json\/wp\/v2\/pages\/638\/revisions"}],"predecessor-version":[{"id":1235,"href":"https:\/\/www.hovawart-vom-wackerbarth.de\/hovawart\/index.php\/wp-json\/wp\/v2\/pages\/638\/revisions\/1235"}],"wp:attachment":[{"href":"https:\/\/www.hovawart-vom-wackerbarth.de\/hovawart\/index.php\/wp-json\/wp\/v2\/media?parent=638"}],"curies":[{"name":"wp","href":"https:\/\/api.w.org\/{rel}","templated":true}]}}