{"id":494,"date":"2022-06-19T16:04:01","date_gmt":"2022-06-19T14:04:01","guid":{"rendered":"http:\/\/www.hovawart-vom-wackerbarth.de\/hovawart\/?page_id=494"},"modified":"2025-07-21T19:52:16","modified_gmt":"2025-07-21T17:52:16","slug":"atze","status":"publish","type":"page","link":"https:\/\/www.hovawart-vom-wackerbarth.de\/hovawart\/index.php\/atze\/","title":{"rendered":"Atze"},"content":{"rendered":"<p>&nbsp;<\/p>\n<h2 style=\"text-align: center;\"><span style=\"color: #00ffff;\">Abschied von Atze<\/span><\/h2>\n<p style=\"text-align: center;\"><span style=\"color: #00ffff;\">Es f\u00e4llt schwer zu akzeptieren, dass Atze nicht mehr da ist, es f\u00e4llt schwer zu schreiben, zu gro\u00df ist der Schmerz \u00fcber den Verlust meines Hundes.<\/span><\/p>\n<p style=\"text-align: center;\"><span style=\"color: #00ffff;\">Am 19. M\u00e4rz 2011 ist Atze nach kurzer schwerer Krankheit in meinen Armen f\u00fcr immer eingeschlafen. \u00a0Atze ist ein gro\u00dfartiger Hund gewesen. Er hat mich 11 Jahre und knapp 4 Monate auf Schritt und Tritt begleitet. Wo ich auch war, war auch er. Ich habe einen treuen, lieben und vorallem ehrlichen Freund verloren. Atze hat ein erf\u00fclltes, hundegerechtes Leben gelebt, immer im Hunderudel und im engen Familienanschluss mit zeitweise vier Generationen Mensch im Haus. Atze ist immer ausgeglichen und souver\u00e4n gewesen, er war ein geduldiger loyaler Ziehvater und &#8222;Besch\u00fctzer&#8220; f\u00fcr seine Nichte Christa und zu jedem Streich mit seiner Schwester Alaska bereit. Atze wird immer seinen besonderen Platz in meinem Herzen haben, als treuer Freund und Kumpel, der Kraft und St\u00e4rke ausstrahlte, der in seinem Wesen ein Hovi war, wie er im Buche steht: ausgeglichen und geduldig, zugleich wachsam und selbstsicher, erhaben \u00fcber &#8222;Nichtigkeiten&#8220; im Alltag und manchmal mit einem kleinen Hovidickkopf.<\/span><\/p>\n<p style=\"text-align: center;\"><span style=\"color: #00ffff;\">\u2665 \u2665 \u2665 \u2665 \u2665 \u2665 \u2665 \u2665 \u2665 \u2665 \u2665 \u2665<\/span><\/p>\n<p style=\"text-align: center;\"><span style=\"color: #ff6600;\">Ich bin Atze dankbar f\u00fcr diese sch\u00f6ne Zeit &#8211; die Erinnerung bleibt &#8211; ich werde ihn nie vergessen!!!<\/span><\/p>\n<h4 style=\"text-align: center;\"><span style=\"color: #00ffff;\">\u2665 \u2665 \u2665 \u2665 \u2665 \u2665 \u2665 \u2665 \u2665 \u2665 \u2665 \u2665<\/span><\/h4>\n<p style=\"text-align: center;\"><span style=\"color: #ff6600;\">&#8222;Je sch\u00f6ner und voller die Erinnerung, desto schwerer ist die Trennung.<\/span><\/p>\n<p style=\"text-align: center;\"><span style=\"color: #ff6600;\">Aber die Dankbarkeit verwandelt die Erinnerung in eine stille Freude.<\/span><\/p>\n<p style=\"text-align: center;\"><span style=\"color: #00ffff;\">(Dietrich Bonhoeffer)<\/span><\/p>\n<p><img loading=\"lazy\" decoding=\"async\" class=\"rita-lightbox aligncenter\" src=\"http:\/\/www.hovawart-vom-wackerbarth.de\/images\/a-birnb.jpg\" alt=\"\" width=\"500\" height=\"375\" \/><\/p>\n<p style=\"text-align: center;\">Atze von Wackerbarth<\/p>\n<p style=\"text-align: center;\">23. November 1999 &#8211; 19. M\u00e4rz 2011<\/p>\n<p style=\"text-align: center;\">Vater: Asaro vom Demeter Tal (BH, VPG1-3, FH1)<\/p>\n<p style=\"text-align: center;\">Mutter: Eliza vom blonden Stern (BH, AD, WH, FH1, FH2, VPG1)<\/p>\n<p style=\"text-align: center;\">Atze&#8217;s Pr\u00fcfungserfolge:<\/p>\n<p style=\"text-align: center;\">BH, AD, IPO1, IPO2, FH1<\/p>\n<p style=\"text-align: center;\">Atze&#8217;s Ausstellungserfolge:<\/p>\n<p style=\"text-align: center;\">Int. \/ Dt. \/ Dt. Champion<\/p>\n<p style=\"text-align: center;\">Sieger Berlin 2003, Sieger Dresden 2004<\/p>\n<p style=\"text-align: center;\"><img loading=\"lazy\" decoding=\"async\" class=\"rita-lightbox\" src=\"http:\/\/www.hovawart-vom-wackerbarth.de\/images\/a-wald.jpg\" alt=\"\" width=\"500\" height=\"473\" \/><\/p>\n<p style=\"text-align: center;\">Atze von Wackerbarth &#8211; gro\u00df und kraftvoll &#8211; eben ein typischer Hovawartr\u00fcde. Charakterlich ein sehr ausgeglichener Typ und mein mit folgender Schatten in Haus und Hof.<\/p>\n<p style=\"text-align: center;\">Egal wo ich bin, Atzemann ist dabei!<\/p>\n<p style=\"text-align: center;\">Er ist ein lieber Schmuseb\u00e4r, der sich seine Streicheleinheiten bei Bedarf auch gern &#8222;einfordert&#8220;.<\/p>\n<p style=\"text-align: center;\">Seinen beiden Hofdamen Alaska und Christa gegen\u00fcber ist er der Chef, auch auch Gentleman und die holde Weiblichkeit kann ihn sich um die Pfoten wickeln.<\/p>\n<p style=\"text-align: center;\"><img loading=\"lazy\" decoding=\"async\" class=\"rita-lightbox\" src=\"http:\/\/www.hovawart-vom-wackerbarth.de\/images\/atze.jpg\" alt=\"\" width=\"350\" height=\"317\" \/><\/p>\n<p style=\"text-align: center;\">Aus einem Zuchtschau-Richterbericht:<\/p>\n<p style=\"text-align: center;\">Ein kr\u00e4ftiger knochenstarker R\u00fcde. Sehr sch\u00f6ner Kopf mit komplettem Scherengebiss, mittelbraunen Augen, Beh\u00e4nge etwas tief angesetzt. R\u00fcckenlinie lang und gerade, korrekte Rute. Die sehr kr\u00e4ftigen L\u00e4ufe in Stellung und Winkelung korrekt. Kraftvoller Bewegungsablauf. Das Haarkleid ist in allen Belangen vorz\u00fcglich, Markenzeichnung korrekt, F\u00e4rbung gut mittelblond. Hoden vorhanden. Interessiertes freundliches Wesen.<\/p>\n<p style=\"text-align: center;\"><img loading=\"lazy\" decoding=\"async\" class=\"rita-lightbox\" src=\"http:\/\/www.hovawart-vom-wackerbarth.de\/images\/atzewintergarten.jpg\" alt=\"\" width=\"500\" height=\"375\" \/><\/p>\n<p style=\"text-align: center;\">Sein Lieblingsplatz mit Blick auf die Stra\u00dfe<\/p>\n<p style=\"text-align: center;\">Atze wurde sehr erfolgreich als Deckr\u00fcde eingesetzt. Es hat 5 W\u00fcrfe im RZV und 6 W\u00fcrfe im Ausland.<\/p>\n<p><img loading=\"lazy\" decoding=\"async\" class=\"rita-lightbox aligncenter\" src=\"http:\/\/www.hovawart-vom-wackerbarth.de\/images\/Atze%20Hundeplatz.jpg\" alt=\"\" width=\"450\" height=\"337\" \/><\/p>\n<p style=\"text-align: center;\">Atze kann es nicht erwarten &#8211; der schnelle Weg auf den Ausbildungsplatz&#8230;<\/p>\n","protected":false},"excerpt":{"rendered":"<p>&nbsp; Abschied von Atze Es f\u00e4llt schwer zu akzeptieren, dass Atze nicht mehr da ist, es f\u00e4llt schwer zu schreiben, zu gro\u00df ist der Schmerz \u00fcber den Verlust meines Hundes. Am 19. M\u00e4rz 2011 ist Atze nach kurzer schwerer Krankheit in meinen Armen f\u00fcr immer eingeschlafen. \u00a0Atze ist ein gro\u00dfartiger Hund gewesen. Er hat mich &hellip; <a href=\"https:\/\/www.hovawart-vom-wackerbarth.de\/hovawart\/index.php\/atze\/\" class=\"more-link\"><span class=\"screen-reader-text\">\u201eAtze\u201c<\/span> weiterlesen<\/a><\/p>\n","protected":false},"author":2,"featured_media":0,"parent":0,"menu_order":0,"comment_status":"closed","ping_status":"closed","template":"","meta":{"footnotes":""},"class_list":["post-494","page","type-page","status-publish","hentry"],"_links":{"self":[{"href":"https:\/\/www.hovawart-vom-wackerbarth.de\/hovawart\/index.php\/wp-json\/wp\/v2\/pages\/494","targetHints":{"allow":["GET"]}}],"collection":[{"href":"https:\/\/www.hovawart-vom-wackerbarth.de\/hovawart\/index.php\/wp-json\/wp\/v2\/pages"}],"about":[{"href":"https:\/\/www.hovawart-vom-wackerbarth.de\/hovawart\/index.php\/wp-json\/wp\/v2\/types\/page"}],"author":[{"embeddable":true,"href":"https:\/\/www.hovawart-vom-wackerbarth.de\/hovawart\/index.php\/wp-json\/wp\/v2\/users\/2"}],"replies":[{"embeddable":true,"href":"https:\/\/www.hovawart-vom-wackerbarth.de\/hovawart\/index.php\/wp-json\/wp\/v2\/comments?post=494"}],"version-history":[{"count":5,"href":"https:\/\/www.hovawart-vom-wackerbarth.de\/hovawart\/index.php\/wp-json\/wp\/v2\/pages\/494\/revisions"}],"predecessor-version":[{"id":1387,"href":"https:\/\/www.hovawart-vom-wackerbarth.de\/hovawart\/index.php\/wp-json\/wp\/v2\/pages\/494\/revisions\/1387"}],"wp:attachment":[{"href":"https:\/\/www.hovawart-vom-wackerbarth.de\/hovawart\/index.php\/wp-json\/wp\/v2\/media?parent=494"}],"curies":[{"name":"wp","href":"https:\/\/api.w.org\/{rel}","templated":true}]}}

<p>&nbsp;</p>
<h2 style="text-align: center;"><span style="color: #00ffff;">Abschied von Atze</span></h2>
<p style="text-align: center;"><span style="color: #00ffff;">Es fällt schwer zu akzeptieren, dass Atze nicht mehr da ist, es fällt schwer zu schreiben, zu groß ist der Schmerz über den Verlust meines Hundes.</span></p>
<p style="text-align: center;"><span style="color: #00ffff;">Am 19. März 2011 ist Atze nach kurzer schwerer Krankheit in meinen Armen für immer eingeschlafen.  Atze ist ein großartiger Hund gewesen. Er hat mich 11 Jahre und knapp 4 Monate auf Schritt und Tritt begleitet. Wo ich auch war, war auch er. Ich habe einen treuen, lieben und vorallem ehrlichen Freund verloren. Atze hat ein erfülltes, hundegerechtes Leben gelebt, immer im Hunderudel und im engen Familienanschluss mit zeitweise vier Generationen Mensch im Haus. Atze ist immer ausgeglichen und souverän gewesen, er war ein geduldiger loyaler Ziehvater und &#8222;Beschützer&#8220; für seine Nichte Christa und zu jedem Streich mit seiner Schwester Alaska bereit. Atze wird immer seinen besonderen Platz in meinem Herzen haben, als treuer Freund und Kumpel, der Kraft und Stärke ausstrahlte, der in seinem Wesen ein Hovi war, wie er im Buche steht: ausgeglichen und geduldig, zugleich wachsam und selbstsicher, erhaben über &#8222;Nichtigkeiten&#8220; im Alltag und manchmal mit einem kleinen Hovidickkopf.</span></p>
<p style="text-align: center;"><span style="color: #00ffff;">♥ ♥ ♥ ♥ ♥ ♥ ♥ ♥ ♥ ♥ ♥ ♥</span></p>
<p style="text-align: center;"><span style="color: #ff6600;">Ich bin Atze dankbar für diese schöne Zeit &#8211; die Erinnerung bleibt &#8211; ich werde ihn nie vergessen!!!</span></p>
<h4 style="text-align: center;"><span style="color: #00ffff;">♥ ♥ ♥ ♥ ♥ ♥ ♥ ♥ ♥ ♥ ♥ ♥</span></h4>
<p style="text-align: center;"><span style="color: #ff6600;">&#8222;Je schöner und voller die Erinnerung, desto schwerer ist die Trennung.</span></p>
<p style="text-align: center;"><span style="color: #ff6600;">Aber die Dankbarkeit verwandelt die Erinnerung in eine stille Freude.</span></p>
<p style="text-align: center;"><span style="color: #00ffff;">(Dietrich Bonhoeffer)</span></p>
<p><img loading="lazy" decoding="async" class="rita-lightbox aligncenter" src="http://www.hovawart-vom-wackerbarth.de/images/a-birnb.jpg" alt="" width="500" height="375" /></p>
<p style="text-align: center;">Atze von Wackerbarth</p>
<p style="text-align: center;">23. November 1999 &#8211; 19. März 2011</p>
<p style="text-align: center;">Vater: Asaro vom Demeter Tal (BH, VPG1-3, FH1)</p>
<p style="text-align: center;">Mutter: Eliza vom blonden Stern (BH, AD, WH, FH1, FH2, VPG1)</p>
<p style="text-align: center;">Atze&#8217;s Prüfungserfolge:</p>
<p style="text-align: center;">BH, AD, IPO1, IPO2, FH1</p>
<p style="text-align: center;">Atze&#8217;s Ausstellungserfolge:</p>
<p style="text-align: center;">Int. / Dt. / Dt. Champion</p>
<p style="text-align: center;">Sieger Berlin 2003, Sieger Dresden 2004</p>
<p style="text-align: center;"><img loading="lazy" decoding="async" class="rita-lightbox" src="http://www.hovawart-vom-wackerbarth.de/images/a-wald.jpg" alt="" width="500" height="473" /></p>
<p style="text-align: center;">Atze von Wackerbarth &#8211; groß und kraftvoll &#8211; eben ein typischer Hovawartrüde. Charakterlich ein sehr ausgeglichener Typ und mein mit folgender Schatten in Haus und Hof.</p>
<p style="text-align: center;">Egal wo ich bin, Atzemann ist dabei!</p>
<p style="text-align: center;">Er ist ein lieber Schmusebär, der sich seine Streicheleinheiten bei Bedarf auch gern &#8222;einfordert&#8220;.</p>
<p style="text-align: center;">Seinen beiden Hofdamen Alaska und Christa gegenüber ist er der Chef, auch auch Gentleman und die holde Weiblichkeit kann ihn sich um die Pfoten wickeln.</p>
<p style="text-align: center;"><img loading="lazy" decoding="async" class="rita-lightbox" src="http://www.hovawart-vom-wackerbarth.de/images/atze.jpg" alt="" width="350" height="317" /></p>
<p style="text-align: center;">Aus einem Zuchtschau-Richterbericht:</p>
<p style="text-align: center;">Ein kräftiger knochenstarker Rüde. Sehr schöner Kopf mit komplettem Scherengebiss, mittelbraunen Augen, Behänge etwas tief angesetzt. Rückenlinie lang und gerade, korrekte Rute. Die sehr kräftigen Läufe in Stellung und Winkelung korrekt. Kraftvoller Bewegungsablauf. Das Haarkleid ist in allen Belangen vorzüglich, Markenzeichnung korrekt, Färbung gut mittelblond. Hoden vorhanden. Interessiertes freundliches Wesen.</p>
<p style="text-align: center;"><img loading="lazy" decoding="async" class="rita-lightbox" src="http://www.hovawart-vom-wackerbarth.de/images/atzewintergarten.jpg" alt="" width="500" height="375" /></p>
<p style="text-align: center;">Sein Lieblingsplatz mit Blick auf die Straße</p>
<p style="text-align: center;">Atze wurde sehr erfolgreich als Deckrüde eingesetzt. Es hat 5 Würfe im RZV und 6 Würfe im Ausland.</p>
<p><img loading="lazy" decoding="async" class="rita-lightbox aligncenter" src="http://www.hovawart-vom-wackerbarth.de/images/Atze%20Hundeplatz.jpg" alt="" width="450" height="337" /></p>
<p style="text-align: center;">Atze kann es nicht erwarten &#8211; der schnelle Weg auf den Ausbildungsplatz&#8230;</p>

<p>&nbsp; Abschied von Atze Es fällt schwer zu akzeptieren, dass Atze nicht mehr da ist, es fällt schwer zu schreiben, zu groß ist der Schmerz über den Verlust meines Hundes. Am 19. März 2011 ist Atze nach kurzer schwerer Krankheit in meinen Armen für immer eingeschlafen.  Atze ist ein großartiger Hund gewesen. Er hat mich &hellip; <a href="https://www.hovawart-vom-wackerbarth.de/hovawart/index.php/atze/" class="more-link"><span class="screen-reader-text">„Atze“</span> weiterlesen</a></p>
