{"id":475,"date":"2022-04-15T17:50:24","date_gmt":"2022-04-15T15:50:24","guid":{"rendered":"http:\/\/www.hovawart-vom-wackerbarth.de\/hovawart\/?page_id=475"},"modified":"2022-04-15T17:52:34","modified_gmt":"2022-04-15T15:52:34","slug":"eliza","status":"publish","type":"page","link":"https:\/\/www.hovawart-vom-wackerbarth.de\/hovawart\/index.php\/eliza\/","title":{"rendered":"Eliza"},"content":{"rendered":"<p style=\"text-align: center;\"><img loading=\"lazy\" decoding=\"async\" class=\"rita-lightbox\" src=\"http:\/\/www.hovawart-vom-wackerbarth.de\/images\/Liza.jpg\" alt=\"\" width=\"384\" height=\"376\" \/><\/p>\n<p style=\"text-align: center;\">Eliza (Lisa) vom blonden Stern (VDH-HO 92-18661)<\/p>\n<p style=\"text-align: center;\">8. Juli 1992 &#8211; 24. August 2005<\/p>\n<p style=\"text-align: center;\">Ihre Pr\u00fcfungserfolge: BH, AD, WH, SchH1, FH1, FH2<\/p>\n<p style=\"text-align: center;\">Ihre Ausstellungserfolge:<\/p>\n<p style=\"text-align: center;\">Int. \/ Dt. \/ Dt. Champion, VDH-Europasiegerin 1995,<\/p>\n<p style=\"text-align: center;\">Clubsiegerin 1995<\/p>\n<p style=\"text-align: center;\">Clubsiegerin 2001<\/p>\n<p style=\"text-align: center;\"><span style=\"color: #ff6600;\"><strong>Eliza vom blonden Stern ist die Stamm-Mutter des Hovawartzwingers &#8222;von Wackerbarth&#8220;. Sie ist die Mutter des A-Wurfes, der am 23. November 1999 bei uns geboren wurde.<\/strong><\/span><\/p>\n<p style=\"text-align: center;\"><span style=\"color: #ff6600;\"><strong>Eliza &#8211; eine wundersch\u00f6ne typvolle Hovawarth\u00fcndin, eine zuverl\u00e4ssige Begleiterin und W\u00e4chterin.<\/strong><\/span><\/p>\n<p style=\"text-align: center;\"><img loading=\"lazy\" decoding=\"async\" class=\"rita-lightbox\" src=\"http:\/\/www.hovawart-vom-wackerbarth.de\/images\/Eliza%20vom%20Blonden%20Stern%20am%2004.06.2005.jpg\" alt=\"\" width=\"528\" height=\"396\" \/><\/p>\n<p style=\"text-align: center;\">Eliza vom blonden Stern im Alter von 13 Jahren im Sommer 2005 im Garten<\/p>\n<p style=\"text-align: center;\">====================================================<\/p>\n<p style=\"text-align: center;\">Aus einem Zuchtschau-Richterbericht:<\/p>\n<p style=\"text-align: center;\">Mittelgro\u00dfe knochenstarke vorz\u00fcglich entwickelte blonde H\u00fcndin. Ausdrucksvoller Kopf mit vorz\u00fcglichem Pigment, Vorder- und Hinterhand vorz\u00fcglich gestellt und gewinkelt. Korrekte Oberlinie. Vorz\u00fcgliche Rute. Haarkleid in Farbe, L\u00e4nge und Struktur vorz\u00fcglich. Kraftvoll in der Bewegung &#8211; freundliches Wesen.<\/p>\n<p style=\"text-align: center;\">====================================================<\/p>\n<p style=\"text-align: center;\"><img loading=\"lazy\" decoding=\"async\" class=\"rita-lightbox\" src=\"http:\/\/www.hovawart-vom-wackerbarth.de\/images\/freddieu.lisa.jpg\" alt=\"\" width=\"512\" height=\"384\" \/><\/p>\n<p style=\"text-align: center;\">Clubsiegerschau 10. September 2001<\/p>\n<p style=\"text-align: center;\">Eliza undn ihr Sohn Freddie siegen beide zur Clubsiegerschau in Leipzig.<\/p>\n<p style=\"text-align: center;\">=================================================<\/p>\n<p style=\"text-align: center;\"><img loading=\"lazy\" decoding=\"async\" class=\"rita-lightbox\" src=\"http:\/\/www.hovawart-vom-wackerbarth.de\/images\/Belinda2.jpg\" alt=\"\" width=\"500\" height=\"372\" \/><\/p>\n<p style=\"text-align: center;\">ELiza mit Tochter Alaska von Wackerbarth<\/p>\n<p style=\"text-align: center;\">und Enkeltochter Belinda (Ronja) von Wackerbarth (Tochter von Alaska)<\/p>\n<p style=\"text-align: center;\">==================================================<\/p>\n<div id=\"bild11\" class=\"rita-collage\" style=\"text-align: center;\">\n<div class=\"rita-slider rita-slidecontainerbild11\" data-width=\"399\" data-height=\"271\">\n<div class=\"rita-slider-inner\">\n<div class=\"rita-slide-item rita-slidebild110 active forward\"><\/div>\n<div class=\"rita-slide-item rita-slidebild111 next forward\"><\/div>\n<\/div>\n<\/div>\n<div class=\"rita-slidenavigator rita-slidenavigatorbild11\" data-left=\"1\" data-top=\"1\"><\/div>\n<\/div>\n<p style=\"text-align: center;\">Lisa beim Verkosten einer Zuccini<\/p>\n<p style=\"text-align: center;\"><img loading=\"lazy\" decoding=\"async\" class=\"rita-lightbox\" src=\"http:\/\/www.hovawart-vom-wackerbarth.de\/images\/Lisa%20beim%20Kirschen%20naschen.jpg\" alt=\"\" width=\"400\" height=\"300\" \/><\/p>\n<p style=\"text-align: center;\">und hier beim Kirschen naschen&#8230;<\/p>\n","protected":false},"excerpt":{"rendered":"<p>Eliza (Lisa) vom blonden Stern (VDH-HO 92-18661) 8. Juli 1992 &#8211; 24. August 2005 Ihre Pr\u00fcfungserfolge: BH, AD, WH, SchH1, FH1, FH2 Ihre Ausstellungserfolge: Int. \/ Dt. \/ Dt. Champion, VDH-Europasiegerin 1995, Clubsiegerin 1995 Clubsiegerin 2001 Eliza vom blonden Stern ist die Stamm-Mutter des Hovawartzwingers &#8222;von Wackerbarth&#8220;. Sie ist die Mutter des A-Wurfes, der am &hellip; <a href=\"https:\/\/www.hovawart-vom-wackerbarth.de\/hovawart\/index.php\/eliza\/\" class=\"more-link\"><span class=\"screen-reader-text\">\u201eEliza\u201c<\/span> weiterlesen<\/a><\/p>\n","protected":false},"author":2,"featured_media":0,"parent":0,"menu_order":0,"comment_status":"closed","ping_status":"closed","template":"","meta":{"footnotes":""},"class_list":["post-475","page","type-page","status-publish","hentry"],"_links":{"self":[{"href":"https:\/\/www.hovawart-vom-wackerbarth.de\/hovawart\/index.php\/wp-json\/wp\/v2\/pages\/475","targetHints":{"allow":["GET"]}}],"collection":[{"href":"https:\/\/www.hovawart-vom-wackerbarth.de\/hovawart\/index.php\/wp-json\/wp\/v2\/pages"}],"about":[{"href":"https:\/\/www.hovawart-vom-wackerbarth.de\/hovawart\/index.php\/wp-json\/wp\/v2\/types\/page"}],"author":[{"embeddable":true,"href":"https:\/\/www.hovawart-vom-wackerbarth.de\/hovawart\/index.php\/wp-json\/wp\/v2\/users\/2"}],"replies":[{"embeddable":true,"href":"https:\/\/www.hovawart-vom-wackerbarth.de\/hovawart\/index.php\/wp-json\/wp\/v2\/comments?post=475"}],"version-history":[{"count":2,"href":"https:\/\/www.hovawart-vom-wackerbarth.de\/hovawart\/index.php\/wp-json\/wp\/v2\/pages\/475\/revisions"}],"predecessor-version":[{"id":479,"href":"https:\/\/www.hovawart-vom-wackerbarth.de\/hovawart\/index.php\/wp-json\/wp\/v2\/pages\/475\/revisions\/479"}],"wp:attachment":[{"href":"https:\/\/www.hovawart-vom-wackerbarth.de\/hovawart\/index.php\/wp-json\/wp\/v2\/media?parent=475"}],"curies":[{"name":"wp","href":"https:\/\/api.w.org\/{rel}","templated":true}]}}