{"id":372,"date":"2022-04-04T14:41:54","date_gmt":"2022-04-04T12:41:54","guid":{"rendered":"http:\/\/www.hovawart-vom-wackerbarth.de\/hovawart\/?page_id=372"},"modified":"2025-12-05T09:31:38","modified_gmt":"2025-12-05T08:31:38","slug":"finja","status":"publish","type":"page","link":"https:\/\/www.hovawart-vom-wackerbarth.de\/hovawart\/index.php\/finja\/","title":{"rendered":"Finja"},"content":{"rendered":"<p><img loading=\"lazy\" decoding=\"async\" class=\"rita-lightbox aligncenter\" src=\"http:\/\/www.hovawart-vom-wackerbarth.de\/images\/IMG_2862%20-%20Kopie.jpg\" alt=\"\" width=\"320\" height=\"231\" \/><\/p>\n<p style=\"text-align: center;\">Finja von Wackerbarth<\/p>\n<p style=\"text-align: center;\">( <a href=\"https:\/\/de.working-dog.com\/dogs-details\/6844133\/Finja-von-Wackerbarth\" target=\"_blank\" rel=\"noopener noreferrer\">Details auf working dog<\/a>)<\/p>\n<p>Wurftag: 28. September 2019 (Geburtsgewicht: 470 g \/ Geburtszeit: 8.50 Uhr)<\/p>\n<p>Vater: Gero Hovi-Raj \u00a0 \u00a0 \u00a0\u00a0Mutter: Emmi-Lou von Wackerbarth<\/p>\n<p>Finja&#8217;s Pr\u00fcfungserfolge: <strong><span style=\"color: #99cc00;\">BH, IBGH1,IGP-V,FCI-IBGH2,FCI-IBGH3,<\/span><\/strong><strong><span style=\"color: #99cc00;\">IFH-V,FCI-FPr1, FCI-IFH1,<\/span><\/strong><strong><span style=\"color: #99cc00;\">FCI-IFH2<\/span><\/strong><\/p>\n<p>Finja&#8217;s Ausstellungserfolge:\u00a0 <strong><span style=\"color: #99cc00;\">\u00a0vorz\u00fcglich1, mehrfach sch\u00f6nste H\u00fcndin, mehrfach BOB <\/span><\/strong><\/p>\n<p style=\"text-align: left;\"><strong><span style=\"color: #99cc00;\">\u2666 Deutscher Champion &#8211; RZV \u2666\u00a0 \u00a0 \u00a0 \u2666 Deutscher Champion &#8211; <\/span><\/strong><strong><span style=\"color: #99cc00;\">VDH \u2666<\/span><\/strong><\/p>\n<p style=\"text-align: center;\">\u00a0 \u00a0 <img loading=\"lazy\" decoding=\"async\" class=\"alignnone size-medium wp-image-1228\" src=\"http:\/\/www.hovawart-vom-wackerbarth.de\/hovawart\/wp-content\/uploads\/2025\/02\/finja_dt_ch-Kopie1-196x300.jpg\" alt=\"\" width=\"196\" height=\"300\" srcset=\"https:\/\/www.hovawart-vom-wackerbarth.de\/hovawart\/wp-content\/uploads\/2025\/02\/finja_dt_ch-Kopie1-196x300.jpg 196w, https:\/\/www.hovawart-vom-wackerbarth.de\/hovawart\/wp-content\/uploads\/2025\/02\/finja_dt_ch-Kopie1.jpg 500w\" sizes=\"auto, (max-width: 196px) 85vw, 196px\" \/>\u00a0 \u00a0 \u00a0 \u00a0 \u00a0 \u00a0<img loading=\"lazy\" decoding=\"async\" class=\"alignnone size-medium wp-image-1394\" src=\"http:\/\/www.hovawart-vom-wackerbarth.de\/hovawart\/wp-content\/uploads\/2025\/07\/screenshot-1753638702328-218x300.png\" alt=\"\" width=\"218\" height=\"300\" srcset=\"https:\/\/www.hovawart-vom-wackerbarth.de\/hovawart\/wp-content\/uploads\/2025\/07\/screenshot-1753638702328-218x300.png 218w, https:\/\/www.hovawart-vom-wackerbarth.de\/hovawart\/wp-content\/uploads\/2025\/07\/screenshot-1753638702328.png 455w\" sizes=\"auto, (max-width: 218px) 85vw, 218px\" \/><\/p>\n<p style=\"text-align: center;\"><img loading=\"lazy\" decoding=\"async\" class=\"alignnone size-medium wp-image-1368\" src=\"http:\/\/www.hovawart-vom-wackerbarth.de\/hovawart\/wp-content\/uploads\/2025\/07\/IMG_89901_1-243x300.jpg\" alt=\"\" width=\"243\" height=\"300\" srcset=\"https:\/\/www.hovawart-vom-wackerbarth.de\/hovawart\/wp-content\/uploads\/2025\/07\/IMG_89901_1-243x300.jpg 243w, https:\/\/www.hovawart-vom-wackerbarth.de\/hovawart\/wp-content\/uploads\/2025\/07\/IMG_89901_1-831x1024.jpg 831w, https:\/\/www.hovawart-vom-wackerbarth.de\/hovawart\/wp-content\/uploads\/2025\/07\/IMG_89901_1-768x947.jpg 768w, https:\/\/www.hovawart-vom-wackerbarth.de\/hovawart\/wp-content\/uploads\/2025\/07\/IMG_89901_1-1246x1536.jpg 1246w, https:\/\/www.hovawart-vom-wackerbarth.de\/hovawart\/wp-content\/uploads\/2025\/07\/IMG_89901_1-1661x2048.jpg 1661w, https:\/\/www.hovawart-vom-wackerbarth.de\/hovawart\/wp-content\/uploads\/2025\/07\/IMG_89901_1-1200x1480.jpg 1200w\" sizes=\"auto, (max-width: 243px) 85vw, 243px\" \/>\u00a0 \u00a0 \u00a0<img loading=\"lazy\" decoding=\"async\" class=\"alignnone size-medium wp-image-1383\" src=\"http:\/\/www.hovawart-vom-wackerbarth.de\/hovawart\/wp-content\/uploads\/2025\/07\/seifertshain-2025_3-Kopie1-177x300.jpg\" alt=\"\" width=\"177\" height=\"300\" srcset=\"https:\/\/www.hovawart-vom-wackerbarth.de\/hovawart\/wp-content\/uploads\/2025\/07\/seifertshain-2025_3-Kopie1-177x300.jpg 177w, https:\/\/www.hovawart-vom-wackerbarth.de\/hovawart\/wp-content\/uploads\/2025\/07\/seifertshain-2025_3-Kopie1-604x1024.jpg 604w, https:\/\/www.hovawart-vom-wackerbarth.de\/hovawart\/wp-content\/uploads\/2025\/07\/seifertshain-2025_3-Kopie1-768x1301.jpg 768w, https:\/\/www.hovawart-vom-wackerbarth.de\/hovawart\/wp-content\/uploads\/2025\/07\/seifertshain-2025_3-Kopie1-907x1536.jpg 907w, https:\/\/www.hovawart-vom-wackerbarth.de\/hovawart\/wp-content\/uploads\/2025\/07\/seifertshain-2025_3-Kopie1-1209x2048.jpg 1209w, https:\/\/www.hovawart-vom-wackerbarth.de\/hovawart\/wp-content\/uploads\/2025\/07\/seifertshain-2025_3-Kopie1-1200x2033.jpg 1200w, https:\/\/www.hovawart-vom-wackerbarth.de\/hovawart\/wp-content\/uploads\/2025\/07\/seifertshain-2025_3-Kopie1-scaled.jpg 1511w\" sizes=\"auto, (max-width: 177px) 85vw, 177px\" \/><\/p>\n<p>Zuchtpr\u00fcfungen<\/p>\n<div align=\"center\">\n<table class=\"rita-article\">\n<tbody>\n<tr>\n<td>Datum<\/td>\n<td>Pr\u00fcfung<\/td>\n<td>Richter<\/td>\n<\/tr>\n<tr>\n<td>27.06.2020<\/td>\n<td>Nachzuchtbeurteilung in Seifertshain,\u00a0teilgenommen<\/td>\n<td>Brit Wuchert<\/td>\n<\/tr>\n<tr>\n<td>26.09.2020<\/td>\n<td>Jugendbeurteilung in L\u00fcbben,\u00a0bestanden<\/td>\n<td>Heiko Drechsler<\/td>\n<\/tr>\n<tr>\n<td>25.09.2021<\/td>\n<td>Zuchttauglichkeitspr\u00fcfung in Nossen<br \/>\nbestanden<\/td>\n<td>Kirsten Wesche\/Marco Mummeshohl<\/td>\n<\/tr>\n<\/tbody>\n<\/table>\n<p>&nbsp;<\/p>\n<p>Gesundheit<\/p>\n<table class=\"rita-article\">\n<tbody>\n<tr>\n<td>HD Untersuchung<\/td>\n<td>Augenuntersuchung<\/td>\n<\/tr>\n<tr>\n<td>HD-B1<\/td>\n<td>frei von erblichen Augenerkrankungen<\/td>\n<\/tr>\n<\/tbody>\n<\/table>\n<p><img loading=\"lazy\" decoding=\"async\" class=\"alignnone size-medium wp-image-808\" src=\"http:\/\/www.hovawart-vom-wackerbarth.de\/hovawart\/wp-content\/uploads\/2023\/05\/IMG_2858-Kopie-300x200.jpg\" alt=\"\" width=\"300\" height=\"200\" srcset=\"https:\/\/www.hovawart-vom-wackerbarth.de\/hovawart\/wp-content\/uploads\/2023\/05\/IMG_2858-Kopie-300x200.jpg 300w, https:\/\/www.hovawart-vom-wackerbarth.de\/hovawart\/wp-content\/uploads\/2023\/05\/IMG_2858-Kopie-768x512.jpg 768w, https:\/\/www.hovawart-vom-wackerbarth.de\/hovawart\/wp-content\/uploads\/2023\/05\/IMG_2858-Kopie-1024x683.jpg 1024w\" sizes=\"auto, (max-width: 300px) 85vw, 300px\" \/> <img loading=\"lazy\" decoding=\"async\" class=\"alignnone size-medium wp-image-755\" src=\"http:\/\/www.hovawart-vom-wackerbarth.de\/hovawart\/wp-content\/uploads\/2023\/04\/DSC04571-web-300x200.jpg\" alt=\"\" width=\"300\" height=\"200\" srcset=\"https:\/\/www.hovawart-vom-wackerbarth.de\/hovawart\/wp-content\/uploads\/2023\/04\/DSC04571-web-300x200.jpg 300w, https:\/\/www.hovawart-vom-wackerbarth.de\/hovawart\/wp-content\/uploads\/2023\/04\/DSC04571-web-768x512.jpg 768w, https:\/\/www.hovawart-vom-wackerbarth.de\/hovawart\/wp-content\/uploads\/2023\/04\/DSC04571-web-1024x682.jpg 1024w, https:\/\/www.hovawart-vom-wackerbarth.de\/hovawart\/wp-content\/uploads\/2023\/04\/DSC04571-web.jpg 2000w\" sizes=\"auto, (max-width: 300px) 85vw, 300px\" \/><\/p>\n<p>&nbsp;<\/p>\n<p><img loading=\"lazy\" decoding=\"async\" class=\"rita-lightbox\" src=\"http:\/\/www.hovawart-vom-wackerbarth.de\/images\/20200208_142709%20-%20Kopie.jpg\" alt=\"\" width=\"240\" height=\"264\" \/><\/p>\n<p><span style=\"color: #ff6600;\">Welpe \u00a0Finja \ud83d\ude42<\/span><\/p>\n<\/div>\n","protected":false},"excerpt":{"rendered":"<p>Finja von Wackerbarth ( Details auf working dog) Wurftag: 28. September 2019 (Geburtsgewicht: 470 g \/ Geburtszeit: 8.50 Uhr) Vater: Gero Hovi-Raj \u00a0 \u00a0 \u00a0\u00a0Mutter: Emmi-Lou von Wackerbarth Finja&#8217;s Pr\u00fcfungserfolge: BH, IBGH1,IGP-V,FCI-IBGH2,FCI-IBGH3,IFH-V,FCI-FPr1, FCI-IFH1,FCI-IFH2 Finja&#8217;s Ausstellungserfolge:\u00a0 \u00a0vorz\u00fcglich1, mehrfach sch\u00f6nste H\u00fcndin, mehrfach BOB \u2666 Deutscher Champion &#8211; RZV \u2666\u00a0 \u00a0 \u00a0 \u2666 Deutscher Champion &#8211; VDH \u2666 &hellip; <a href=\"https:\/\/www.hovawart-vom-wackerbarth.de\/hovawart\/index.php\/finja\/\" class=\"more-link\"><span class=\"screen-reader-text\">\u201eFinja\u201c<\/span> weiterlesen<\/a><\/p>\n","protected":false},"author":2,"featured_media":0,"parent":0,"menu_order":0,"comment_status":"closed","ping_status":"closed","template":"","meta":{"footnotes":""},"class_list":["post-372","page","type-page","status-publish","hentry"],"_links":{"self":[{"href":"https:\/\/www.hovawart-vom-wackerbarth.de\/hovawart\/index.php\/wp-json\/wp\/v2\/pages\/372","targetHints":{"allow":["GET"]}}],"collection":[{"href":"https:\/\/www.hovawart-vom-wackerbarth.de\/hovawart\/index.php\/wp-json\/wp\/v2\/pages"}],"about":[{"href":"https:\/\/www.hovawart-vom-wackerbarth.de\/hovawart\/index.php\/wp-json\/wp\/v2\/types\/page"}],"author":[{"embeddable":true,"href":"https:\/\/www.hovawart-vom-wackerbarth.de\/hovawart\/index.php\/wp-json\/wp\/v2\/users\/2"}],"replies":[{"embeddable":true,"href":"https:\/\/www.hovawart-vom-wackerbarth.de\/hovawart\/index.php\/wp-json\/wp\/v2\/comments?post=372"}],"version-history":[{"count":21,"href":"https:\/\/www.hovawart-vom-wackerbarth.de\/hovawart\/index.php\/wp-json\/wp\/v2\/pages\/372\/revisions"}],"predecessor-version":[{"id":1463,"href":"https:\/\/www.hovawart-vom-wackerbarth.de\/hovawart\/index.php\/wp-json\/wp\/v2\/pages\/372\/revisions\/1463"}],"wp:attachment":[{"href":"https:\/\/www.hovawart-vom-wackerbarth.de\/hovawart\/index.php\/wp-json\/wp\/v2\/media?parent=372"}],"curies":[{"name":"wp","href":"https:\/\/api.w.org\/{rel}","templated":true}]}}